iple of 68?
True
Is 6429456 a multiple of 8?
True
Is 302 a factor of 34766810?
False
Does 132 divide 953700?
True
Is 55684951 a multiple of 1143?
False
Does 925 divide 67739600?
True
Does 68 divide 14196768?
True
Is 553 a factor of 1722100374?
False
Does 14 divide 84708694?
True
Is 72280096 a multiple of 784?
True
Does 30 divide 53435399?
False
Is 2560140 a multiple of 54?
True
Does 74 divide 552573688?
True
Does 25 divide 40832600?
True
Is 564 a factor of 24750818?
False
Is 349 a factor of 141420992?
False
Does 64 divide 23223539?
False
Does 107 divide 18325230?
False
Does 8 divide 23694312?
True
Does 37 divide 217753769?
True
Does 488 divide 2968593820?
False
Is 54031520 a multiple of 85?
False
Is 415 a factor of 30306619?
False
Does 32 divide 184277878?
False
Does 335 divide 41015055?
True
Is 164310355 a multiple of 11?
True
Does 14 divide 4128138491?
False
Is 23711753 a multiple of 824?
False
Does 373 divide 337236387?
True
Is 167002259 a multiple of 440?
False
Is 36 a factor of 264113059?
False
Is 760 a factor of 547371998?
False
Is 245 a factor of 247873850?
True
Does 1039 divide 19527318?
False
Is 10 a factor of 23157900?
True
Is 6 a factor of 2703567?
False
Is 26629470 a multiple of 602?
True
Is 2511164716 a multiple of 398?
False
Does 108 divide 625629899?
False
Is 1007 a factor of 662489513?
False
Is 423 a factor of 249423367?
False
Is 18651672 even?
True
Is 48186779 a multiple of 576?
False
Is 2663 a factor of 194694944?
False
Is 206 a factor of 395717455?
False
Does 31 divide 39366528?
True
Is 770661664 a multiple of 1164?
False
Is 22522584 a multiple of 12?
True
Is 3218 a factor of 846189190?
True
Is 155 a factor of 110892068?
False
Is 57770360 a multiple of 155?
True
Is 570 a factor of 1038141570?
True
Is 70 a factor of 277557388?
False
Does 86 divide 1399135042?
False
Is 38 a factor of 171876014?
True
Is 320 a factor of 159864000?
True
Does 23 divide 158245175?
True
Is 706 a factor of 71889143?
False
Is 34 a factor of 237522003?
False
Does 149 divide 127981911?
True
Does 8061 divide 324534150?
False
Is 533526135 a multiple of 49?
False
Is 53389490 a multiple of 11?
True
Is 300 a factor of 825921600?
True
Is 909270330 a multiple of 510?
True
Is 3234 a factor of 58422905?
False
Does 7042 divide 144529094?
False
Is 195 a factor of 911086800?
True
Does 2423 divide 7799637?
True
Is 54293980 a multiple of 734?
True
Is 3 a factor of 11058063?
True
Is 37776732 a multiple of 1288?
False
Is 520 a factor of 1838991400?
False
Is 221399776 a multiple of 13417?
False
Is 1656834050 a multiple of 4474?
True
Is 846811126 a multiple of 3974?
False
Is 1550 a factor of 9323554?
False
Does 3 divide 15695695?
False
Does 36 divide 120106284?
False
Is 24 a factor of 2187553536?
True
Is 1079964046 a multiple of 875?
False
Is 3 a factor of 81455959?
False
Is 1038663810 a multiple of 601?
False
Is 67 a factor of 5987327?
False
Does 88 divide 22262240?
True
Is 76 a factor of 342085842?
False
Does 6 divide 1609778382?
True
Is 7104 a factor of 2523877652?
False
Is 1979576696 a multiple of 68?
True
Is 13261788 a multiple of 60?
False
Is 5335 a factor of 572605550?
True
Is 3591 a factor of 1419953220?
True
Is 114 a factor of 9057528?
True
Is 1502303910 a multiple of 355?
True
Is 32 a factor of 201556348?
False
Does 529 divide 134008396?
True
Is 323819120 a multiple of 553?
False
Is 24850726 a multiple of 1121?
False
Is 32799039 a multiple of 2653?
True
Is 319162481 a multiple of 35?
False
Is 329085194 a multiple of 2082?
False
Does 6398 divide 3025857324?
True
Does 20 divide 291838567?
False
Is 3061864492 a multiple of 15?
False
Is 9 a factor of 36274748?
False
Is 116 a factor of 181533968?
True
Does 475 divide 22590115?
False
Is 228086370 a multiple of 10?
True
Is 21 a factor of 73989216?
True
Is 7267752003 a multiple of 12?
False
Does 148 divide 2777897082?
False
Is 8169702 a multiple of 2393?
True
Does 116 divide 31777666?
False
Is 48850521 a multiple of 5?
False
Is 17429 a factor of 3835356024?
True
Is 183826900 a multiple of 95?
True
Is 22 a factor of 58122412?
False
Is 108771058 a multiple of 5705?
False
Does 209 divide 811874527?
False
Is 323482906 a multiple of 487?
False
Is 35 a factor of 44936681?
False
Does 199 divide 440054276?
False
Is 577 a factor of 37748853?
False
Does 49 divide 9457709?
False
Is 10486850 a multiple of 175?
False
Is 24136808 a multiple of 1261?
False
Is 786 a factor of 866958?
True
Is 949 a factor of 46949877?
True
Is 6243174 a multiple of 7?
True
Does 38 divide 43178627?
False
Does 150 divide 70330800?
True
Is 185746753 a multiple of 16?
False
Does 385 divide 53501236?
False
Does 6 divide 68615628?
True
Is 32295264 a multiple of 30?
False
Is 95 a factor of 422346702?
False
Does 358 divide 144400657?
False
Is 294379950 a multiple of 150?
True
Is 123365120 a multiple of 16?
True
Is 1456 a factor of 355432685?
False
Does 1525 divide 292512970?
False
Is 32348848 a multiple of 3148?
True
Does 190 divide 363103490?
True
Is 206879372 a multiple of 76?
True
Does 103 divide 578910484?
False
Does 118 divide 198018278?
True
Does 107 divide 54908441?
True
Does 9 divide 1032656526?
True
Is 108 a factor of 452548512?
True
Does 142 divide 107052096?
True
Is 671992706 a multiple of 388?
False
Is 46847974 a multiple of 11?
False
Does 11 divide 71804559?
False
Does 288 divide 740448000?
True
Does 67 divide 305631413?
False
Does 22 divide 923491763?
False
Is 7 a factor of 163472071?
True
Is 46562873 a multiple of 1338?
False
Is 12 a factor of 7891158?
False
Is 422 a factor of 189349290?
True
Is 109 a factor of 266433169?
True
Does 130 divide 25008762?
False
Does 28 divide 227835692?
True
Does 560 divide 1079948800?
True
Is 20305402 a multiple of 358?
True
Is 2399242742 a multiple of 13?
True
Is 10 a factor of 388122913?
False
Is 5458 a factor of 2866485223?
False
Is 26 a factor of 154207186?
False
Does 11 divide 127035800?
False
Does 29 divide 6392417?
False
Does 1025 divide 34428725?
True
Does 12 divide 47424636?
True
Is 304 a factor of 445097769?
False
Is 71322560 a multiple of 1781?
False
Is 3787532 a multiple of 476?
True
Does 65 divide 63773060?
True
Does 45 divide 627550066?
False
Does 945 divide 126220627?
False
Is 203 a factor of 2745372?
True
Is 44423680 a multiple of 148?
True
Is 16883334 a multiple of 234?
True
Does 12 divide 1097697696?
True
Does 224 divide 14041993?
False
Is 53 a factor of 729020777?
True
Is 1025684733 a multiple of 1121?
True
Is 10 a factor of 351367610?
True
Is 63132397 a multiple of 88?
False
Does 9 divide 753723?
True
Is 5877121 a multiple of 391?
True
Is 36205393 a multiple of 25?
False
Is 3645 a factor of 148082461?
False
Is 19 a factor of 1005922295?
False
Does 172 divide 50751352?
True
Is 630 a factor of 150692220?
True
Is 29451575 a multiple of 25?
True
Does 1375 divide 42315270?
False
Is 3025844280 a multiple of 12059?
True
Is 4 a factor of 100723620?
True
Does 712 divide 140645507?
False
Is 420 a factor of 859428434?
False
Does 132 divide 71446488?
False
Is 135 a factor of 28651050?
True
Is 40 a factor of 136345851?
False
Is 27202101 a multiple of 2495?
False
Is 5387 a factor of 4010276732?
True
Is 24222347 a multiple of 53?
False
Does 1401 divide 55706562?
True
Is 165183758 a multiple of 2922?
False
Is 235672467 a multiple of 1684?
False
Is 22442294 a multiple of 7?
True
Is 49 a factor of 45034044?
False
Does 1653 divide 54406842?
True
Is 77 a factor of 17865001?
True
Is 3356932235 a multiple of 137?
True
Is 5414523 a multiple of 41?
False
Is 336434885 a multiple of 59?
False
Is 76344499 a multiple of 77?
True
Is 46 a factor of 75915410?
True
Is 122 a factor of 486042632?
True
Is 55 a factor of 2905650?
True
Does 201 divide 183790179?
True
Does 797 divide 933699846?
True
Does 130 divide 23166000?
True
Does 102 divide 32944417?
False
Does 1003 divide 238034726?
False
Is 253619100 a multiple of 142?
True
Does 42 divide 2926630728?
True
Is 9 a factor of 15557058?
True
Is 102915226 a multiple of 835?
False
Is 1854 a factor of 2508170922?
True
Is 109192640 a multiple of 546?
False
Is 1020 a factor of 321129759?
False
Is 85 a factor of 3662043?
False
Does 7 divide 3236688?
True
Is 12 a factor of 16131186?
False
Is 442 a factor of 67200796?
True
Is 1082 a factor of 1190235693?
False
Is 30 a factor of 37569